{"id":331,"date":"2021-09-30T14:03:05","date_gmt":"2021-09-30T12:03:05","guid":{"rendered":"https:\/\/www.kunst-vor-ort.de\/?post_type=project&#038;p=331"},"modified":"2022-01-25T23:13:38","modified_gmt":"2022-01-25T22:13:38","slug":"kreativ-mit-muell","status":"publish","type":"project","link":"https:\/\/www.kunst-vor-ort.de\/projekt\/kreativ-mit-muell\/","title":{"rendered":"Kreativ mit M\u00fcll"},"content":{"rendered":"\n<div style=\"height:60px\" aria-hidden=\"true\" class=\"wp-block-spacer show-on-mobile\"><\/div>\n\n\n\n<h1 class=\"has-text-align-center wp-block-heading\"><strong>&nbsp;\u201eKREATIV MIT M\u00dcLL\u201c \u2013 HERBSTFERIENPROJEKT IN ALTENHAGEN<\/strong><\/h1>\n\n\n\n<div style=\"height:100px\" aria-hidden=\"true\" class=\"wp-block-spacer show-on-desktop\"><\/div>\n\n\n\n<div style=\"height:40px\" aria-hidden=\"true\" class=\"wp-block-spacer show-on-mobile\"><\/div>\n\n\n\n<div class=\"wp-block-columns default-width divider-lines show-on-desktop is-layout-flex wp-container-core-columns-is-layout-9d6595d7 wp-block-columns-is-layout-flex\">\n<div class=\"wp-block-column is-layout-flow wp-block-column-is-layout-flow\">\n<p>Ist alles was wir wegwerfen M\u00fcll? Kann man daraus nicht noch etwas Sch\u00f6nes gestalten? <br><br>Genau das wollten wir im Ferienworkshop \u201eKreativ mit M\u00fcll\u201c herausfinden. Mit der Idee eines Upcycling-Projekts haben wir uns in den Herbstferien vom 22. bis 24. Oktober 2018 mit Kindern und Jugendlichen aus Altenhagen \u201eM\u00fcll\u201c gesammelt und verwertet, um daraus tolle neue Dinge entstehen zu lassen. <br><br>Besonders viel Spa\u00df hat das Werkeln an einem gro\u00dfen Mandala aus Kronkorken gemacht. <\/p>\n<\/div>\n\n\n\n<div class=\"wp-block-column is-layout-flow wp-block-column-is-layout-flow\">\n<p>Mit der Unterst\u00fctzung vom Hagener Entsorgungsbetrieb HEB konnten wir au\u00dferdem an einem Tag des Workshops aus alten Zeitungen gemeinsam Papier sch\u00f6pfen und viele interessante und essenzielle Informationen \u00fcber die verschiedenen Arten von M\u00fcll und deren Wiederverwendung in unseren Alltag mitnehmen. <br><br>Durch die F\u00f6rderung durch das LWL-Landesjugendamt aus dem Kinder- und Jugendf\u00f6rderplan des Landes NRW war die Teilnahme kostenlos.<br><br>Wir danken dem Hagener Entsorgungsbetrieb HEB f\u00fcr die tolle Unterst\u00fctzung!<\/p>\n\n\n\n<p><\/p>\n<\/div>\n<\/div>\n\n\n\n<div class=\"wp-block-columns show-on-mobile is-layout-flex wp-container-core-columns-is-layout-9d6595d7 wp-block-columns-is-layout-flex\">\n<div class=\"wp-block-column is-layout-flow wp-block-column-is-layout-flow\">\n<p class=\"has-text-align-center\">Ist alles was wir wegwerfen M\u00fcll? Kann man daraus nicht noch etwas Sch\u00f6nes gestalten? <br><br>Genau das wollten wir im Ferienworkshop \u201eKreativ mit M\u00fcll\u201c herausfinden. Mit der Idee eines Upcycling-Projekts haben wir uns in den Herbstferien vom 22. bis 24. Oktober 2018 mit Kindern und Jugendlichen aus Altenhagen \u201eM\u00fcll\u201c gesammelt und verwertet, um daraus tolle neue Dinge entstehen zu lassen. <br><br>Besonders viel Spa\u00df hat das Werkeln an einem gro\u00dfen Mandala aus Kronkorken gemacht. <\/p>\n<\/div>\n\n\n\n<div class=\"wp-block-column is-layout-flow wp-block-column-is-layout-flow\">\n<p class=\"has-text-align-center\">Mit der Unterst\u00fctzung vom Hagener Entsorgungsbetrieb HEB konnten wir au\u00dferdem an einem Tag des Workshops aus alten Zeitungen gemeinsam Papier sch\u00f6pfen und viele interessante und essenzielle Informationen \u00fcber die verschiedenen Arten von M\u00fcll und deren Wiederverwendung in unseren Alltag mitnehmen. <br><br>Durch die F\u00f6rderung durch das LWL-Landesjugendamt aus dem Kinder- und Jugendf\u00f6rderplan des Landes NRW war die Teilnahme kostenlos.<br><br>Wir danken dem Hagener Entsorgungsbetrieb HEB f\u00fcr die tolle Unterst\u00fctzung!<\/p>\n\n\n\n<p><\/p>\n<\/div>\n<\/div>\n\n\n\n<div class=\"wp-block-group default-width is-layout-flow wp-block-group-is-layout-flow\">\n<div style=\"height:100px\" aria-hidden=\"true\" class=\"wp-block-spacer show-on-desktop\"><\/div>\n\n\n\n<div style=\"height:40px\" aria-hidden=\"true\" class=\"wp-block-spacer show-on-mobile\"><\/div>\n\n\n\n<figure class=\"wp-block-image size-full\"><a href=\"https:\/\/www.kunst-vor-ort.de\/wp-content\/uploads\/2021\/09\/Krea_10.jpg\" data-fancybox><img loading=\"lazy\" decoding=\"async\" width=\"1920\" height=\"1280\" src=\"https:\/\/www.kunst-vor-ort.de\/wp-content\/uploads\/2021\/09\/Krea_10.jpg\" alt=\"\" class=\"wp-image-335\" srcset=\"https:\/\/www.kunst-vor-ort.de\/wp-content\/uploads\/2021\/09\/Krea_10.jpg 1920w, https:\/\/www.kunst-vor-ort.de\/wp-content\/uploads\/2021\/09\/Krea_10-300x200.jpg 300w, https:\/\/www.kunst-vor-ort.de\/wp-content\/uploads\/2021\/09\/Krea_10-1024x683.jpg 1024w, https:\/\/www.kunst-vor-ort.de\/wp-content\/uploads\/2021\/09\/Krea_10-768x512.jpg 768w, https:\/\/www.kunst-vor-ort.de\/wp-content\/uploads\/2021\/09\/Krea_10-1536x1024.jpg 1536w, https:\/\/www.kunst-vor-ort.de\/wp-content\/uploads\/2021\/09\/Krea_10-720x480.jpg 720w, https:\/\/www.kunst-vor-ort.de\/wp-content\/uploads\/2021\/09\/Krea_10-1440x960.jpg 1440w\" sizes=\"auto, (max-width: 1920px) 100vw, 1920px\" \/><\/a><\/figure>\n\n\n\n<div style=\"height:30px\" aria-hidden=\"true\" class=\"wp-block-spacer\"><\/div>\n\n\n<div class='block-custom-gallery gallery-grid grid-m-3 grid-l-3 type-default'><div class='image-wrap'><a href='https:\/\/www.kunst-vor-ort.de\/wp-content\/uploads\/2021\/09\/Krea_09.jpg' data-fancybox='kreativ-mit-muell' ><img src='https:\/\/www.kunst-vor-ort.de\/wp-content\/uploads\/2021\/09\/Krea_09.jpg' alt='' class='default src-acf type-img size-default' srcset='https:\/\/www.kunst-vor-ort.de\/wp-content\/uploads\/2021\/09\/Krea_09-480x360.jpg 480w,https:\/\/www.kunst-vor-ort.de\/wp-content\/uploads\/2021\/09\/Krea_09-720x540.jpg 720w,https:\/\/www.kunst-vor-ort.de\/wp-content\/uploads\/2021\/09\/Krea_09-1280x960.jpg 1280w,https:\/\/www.kunst-vor-ort.de\/wp-content\/uploads\/2021\/09\/Krea_09.jpg 1920w,'  sizes='(max-width: 768px) 100vw, 33vw' \/><\/a><\/div><div class='image-wrap'><a href='https:\/\/www.kunst-vor-ort.de\/wp-content\/uploads\/2021\/09\/Krea_07.jpg' data-fancybox='kreativ-mit-muell' ><img src='https:\/\/www.kunst-vor-ort.de\/wp-content\/uploads\/2021\/09\/Krea_07.jpg' alt='' class='default src-acf type-img size-default' srcset='https:\/\/www.kunst-vor-ort.de\/wp-content\/uploads\/2021\/09\/Krea_07-480x360.jpg 480w,https:\/\/www.kunst-vor-ort.de\/wp-content\/uploads\/2021\/09\/Krea_07-720x540.jpg 720w,https:\/\/www.kunst-vor-ort.de\/wp-content\/uploads\/2021\/09\/Krea_07-1280x960.jpg 1280w,https:\/\/www.kunst-vor-ort.de\/wp-content\/uploads\/2021\/09\/Krea_07.jpg 1920w,'  sizes='(max-width: 768px) 100vw, 33vw' \/><\/a><\/div><div class='image-wrap'><a href='https:\/\/www.kunst-vor-ort.de\/wp-content\/uploads\/2021\/09\/Krea_08.jpg' data-fancybox='kreativ-mit-muell' ><img src='https:\/\/www.kunst-vor-ort.de\/wp-content\/uploads\/2021\/09\/Krea_08.jpg' alt='' class='default src-acf type-img size-default' srcset='https:\/\/www.kunst-vor-ort.de\/wp-content\/uploads\/2021\/09\/Krea_08-480x360.jpg 480w,https:\/\/www.kunst-vor-ort.de\/wp-content\/uploads\/2021\/09\/Krea_08-720x540.jpg 720w,https:\/\/www.kunst-vor-ort.de\/wp-content\/uploads\/2021\/09\/Krea_08-1280x960.jpg 1280w,https:\/\/www.kunst-vor-ort.de\/wp-content\/uploads\/2021\/09\/Krea_08.jpg 1920w,'  sizes='(max-width: 768px) 100vw, 33vw' \/><\/a><\/div><\/div>\n\n\n<div style=\"height:30px\" aria-hidden=\"true\" class=\"wp-block-spacer\"><\/div>\n\n\n<div class='block-custom-gallery gallery-grid grid-m-3 grid-l-2 type-relative'><div class='image-wrap'><a href='https:\/\/www.kunst-vor-ort.de\/wp-content\/uploads\/2021\/09\/Krea_01.jpg' data-fancybox='kreativ-mit-muell' ><img src='https:\/\/www.kunst-vor-ort.de\/wp-content\/uploads\/2021\/09\/Krea_01.jpg' alt='' class='default src-acf type-img size-relative' srcset='https:\/\/www.kunst-vor-ort.de\/wp-content\/uploads\/2021\/09\/Krea_01-720x480.jpg 720w,https:\/\/www.kunst-vor-ort.de\/wp-content\/uploads\/2021\/09\/Krea_01-1440x960.jpg 1440w,https:\/\/www.kunst-vor-ort.de\/wp-content\/uploads\/2021\/09\/Krea_01.jpg 1920w,'  sizes='(max-width: 768px) 100vw, 33vw' \/><\/a><\/div><div class='image-wrap'><a href='https:\/\/www.kunst-vor-ort.de\/wp-content\/uploads\/2021\/09\/Krea_02.jpg' data-fancybox='kreativ-mit-muell' ><img src='https:\/\/www.kunst-vor-ort.de\/wp-content\/uploads\/2021\/09\/Krea_02.jpg' alt='' class='default src-acf type-img size-relative' srcset='https:\/\/www.kunst-vor-ort.de\/wp-content\/uploads\/2021\/09\/Krea_02-720x480.jpg 720w,https:\/\/www.kunst-vor-ort.de\/wp-content\/uploads\/2021\/09\/Krea_02-1440x960.jpg 1440w,https:\/\/www.kunst-vor-ort.de\/wp-content\/uploads\/2021\/09\/Krea_02.jpg 1920w,'  sizes='(max-width: 768px) 100vw, 33vw' \/><\/a><\/div><\/div>\n\n\n<div style=\"height:30px\" aria-hidden=\"true\" class=\"wp-block-spacer\"><\/div>\n\n\n<div class='block-custom-gallery gallery-grid grid-m-3 grid-l-2 type-relative'><div class='image-wrap'><a href='https:\/\/www.kunst-vor-ort.de\/wp-content\/uploads\/2021\/09\/Krea_04.jpg' data-fancybox='kreativ-mit-muell' ><img src='https:\/\/www.kunst-vor-ort.de\/wp-content\/uploads\/2021\/09\/Krea_04.jpg' alt='' class='default src-acf type-img size-relative' srcset='https:\/\/www.kunst-vor-ort.de\/wp-content\/uploads\/2021\/09\/Krea_04-720x480.jpg 720w,https:\/\/www.kunst-vor-ort.de\/wp-content\/uploads\/2021\/09\/Krea_04-1440x960.jpg 1440w,https:\/\/www.kunst-vor-ort.de\/wp-content\/uploads\/2021\/09\/Krea_04.jpg 1920w,'  sizes='(max-width: 768px) 100vw, 33vw' \/><\/a><\/div><div class='image-wrap'><a href='https:\/\/www.kunst-vor-ort.de\/wp-content\/uploads\/2021\/09\/Krea_06.jpg' data-fancybox='kreativ-mit-muell' ><img src='https:\/\/www.kunst-vor-ort.de\/wp-content\/uploads\/2021\/09\/Krea_06.jpg' alt='' class='default src-acf type-img size-relative' srcset='https:\/\/www.kunst-vor-ort.de\/wp-content\/uploads\/2021\/09\/Krea_06-720x480.jpg 720w,https:\/\/www.kunst-vor-ort.de\/wp-content\/uploads\/2021\/09\/Krea_06-1440x960.jpg 1440w,https:\/\/www.kunst-vor-ort.de\/wp-content\/uploads\/2021\/09\/Krea_06.jpg 1920w,'  sizes='(max-width: 768px) 100vw, 33vw' \/><\/a><\/div><div class='image-wrap'><a href='https:\/\/www.kunst-vor-ort.de\/wp-content\/uploads\/2021\/09\/Krea_05.jpg' data-fancybox='kreativ-mit-muell' ><img src='https:\/\/www.kunst-vor-ort.de\/wp-content\/uploads\/2021\/09\/Krea_05.jpg' alt='' class='default src-acf type-img size-relative' srcset='https:\/\/www.kunst-vor-ort.de\/wp-content\/uploads\/2021\/09\/Krea_05-720x480.jpg 720w,https:\/\/www.kunst-vor-ort.de\/wp-content\/uploads\/2021\/09\/Krea_05-1440x960.jpg 1440w,https:\/\/www.kunst-vor-ort.de\/wp-content\/uploads\/2021\/09\/Krea_05.jpg 1920w,'  sizes='(max-width: 768px) 100vw, 33vw' \/><\/a><\/div><div class='image-wrap'><a href='https:\/\/www.kunst-vor-ort.de\/wp-content\/uploads\/2021\/09\/Krea_03.jpg' data-fancybox='kreativ-mit-muell' ><img src='https:\/\/www.kunst-vor-ort.de\/wp-content\/uploads\/2021\/09\/Krea_03.jpg' alt='' class='default src-acf type-img size-relative' srcset='https:\/\/www.kunst-vor-ort.de\/wp-content\/uploads\/2021\/09\/Krea_03-720x480.jpg 720w,https:\/\/www.kunst-vor-ort.de\/wp-content\/uploads\/2021\/09\/Krea_03-1440x960.jpg 1440w,https:\/\/www.kunst-vor-ort.de\/wp-content\/uploads\/2021\/09\/Krea_03.jpg 1920w,'  sizes='(max-width: 768px) 100vw, 33vw' \/><\/a><\/div><\/div>\n\n\n<p><\/p>\n<\/div>\n\n\n\n<p><\/p>\n","protected":false},"featured_media":340,"menu_order":1019,"template":"","class_list":["post-331","project","type-project","status-publish","has-post-thumbnail","hentry"],"acf":[],"_links":{"self":[{"href":"https:\/\/www.kunst-vor-ort.de\/api\/wp\/v2\/project\/331","targetHints":{"allow":["GET"]}}],"collection":[{"href":"https:\/\/www.kunst-vor-ort.de\/api\/wp\/v2\/project"}],"about":[{"href":"https:\/\/www.kunst-vor-ort.de\/api\/wp\/v2\/types\/project"}],"wp:featuredmedia":[{"embeddable":true,"href":"https:\/\/www.kunst-vor-ort.de\/api\/wp\/v2\/media\/340"}],"wp:attachment":[{"href":"https:\/\/www.kunst-vor-ort.de\/api\/wp\/v2\/media?parent=331"}],"curies":[{"name":"wp","href":"https:\/\/api.w.org\/{rel}","templated":true}]}}

Kreativ mit Müll

<div style="height:60px" aria-hidden="true" class="wp-block-spacer show-on-mobile"></div>



<h1 class="has-text-align-center wp-block-heading"><strong>&nbsp;„KREATIV MIT MÜLL“ – HERBSTFERIENPROJEKT IN ALTENHAGEN</strong></h1>



<div style="height:100px" aria-hidden="true" class="wp-block-spacer show-on-desktop"></div>



<div style="height:40px" aria-hidden="true" class="wp-block-spacer show-on-mobile"></div>



<div class="wp-block-columns default-width divider-lines show-on-desktop is-layout-flex wp-container-core-columns-is-layout-9d6595d7 wp-block-columns-is-layout-flex">
<div class="wp-block-column is-layout-flow wp-block-column-is-layout-flow">
<p>Ist alles was wir wegwerfen Müll? Kann man daraus nicht noch etwas Schönes gestalten? <br><br>Genau das wollten wir im Ferienworkshop „Kreativ mit Müll“ herausfinden. Mit der Idee eines Upcycling-Projekts haben wir uns in den Herbstferien vom 22. bis 24. Oktober 2018 mit Kindern und Jugendlichen aus Altenhagen „Müll“ gesammelt und verwertet, um daraus tolle neue Dinge entstehen zu lassen. <br><br>Besonders viel Spaß hat das Werkeln an einem großen Mandala aus Kronkorken gemacht. </p>
</div>



<div class="wp-block-column is-layout-flow wp-block-column-is-layout-flow">
<p>Mit der Unterstützung vom Hagener Entsorgungsbetrieb HEB konnten wir außerdem an einem Tag des Workshops aus alten Zeitungen gemeinsam Papier schöpfen und viele interessante und essenzielle Informationen über die verschiedenen Arten von Müll und deren Wiederverwendung in unseren Alltag mitnehmen. <br><br>Durch die Förderung durch das LWL-Landesjugendamt aus dem Kinder- und Jugendförderplan des Landes NRW war die Teilnahme kostenlos.<br><br>Wir danken dem Hagener Entsorgungsbetrieb HEB für die tolle Unterstützung!</p>



<p></p>
</div>
</div>



<div class="wp-block-columns show-on-mobile is-layout-flex wp-container-core-columns-is-layout-9d6595d7 wp-block-columns-is-layout-flex">
<div class="wp-block-column is-layout-flow wp-block-column-is-layout-flow">
<p class="has-text-align-center">Ist alles was wir wegwerfen Müll? Kann man daraus nicht noch etwas Schönes gestalten? <br><br>Genau das wollten wir im Ferienworkshop „Kreativ mit Müll“ herausfinden. Mit der Idee eines Upcycling-Projekts haben wir uns in den Herbstferien vom 22. bis 24. Oktober 2018 mit Kindern und Jugendlichen aus Altenhagen „Müll“ gesammelt und verwertet, um daraus tolle neue Dinge entstehen zu lassen. <br><br>Besonders viel Spaß hat das Werkeln an einem großen Mandala aus Kronkorken gemacht. </p>
</div>



<div class="wp-block-column is-layout-flow wp-block-column-is-layout-flow">
<p class="has-text-align-center">Mit der Unterstützung vom Hagener Entsorgungsbetrieb HEB konnten wir außerdem an einem Tag des Workshops aus alten Zeitungen gemeinsam Papier schöpfen und viele interessante und essenzielle Informationen über die verschiedenen Arten von Müll und deren Wiederverwendung in unseren Alltag mitnehmen. <br><br>Durch die Förderung durch das LWL-Landesjugendamt aus dem Kinder- und Jugendförderplan des Landes NRW war die Teilnahme kostenlos.<br><br>Wir danken dem Hagener Entsorgungsbetrieb HEB für die tolle Unterstützung!</p>



<p></p>
</div>
</div>



<div class="wp-block-group default-width is-layout-flow wp-block-group-is-layout-flow">
<div style="height:100px" aria-hidden="true" class="wp-block-spacer show-on-desktop"></div>



<div style="height:40px" aria-hidden="true" class="wp-block-spacer show-on-mobile"></div>



<figure class="wp-block-image size-full"><a href="https://www.kunst-vor-ort.de/wp-content/uploads/2021/09/Krea_10.jpg" data-fancybox><img loading="lazy" decoding="async" width="1920" height="1280" src="https://www.kunst-vor-ort.de/wp-content/uploads/2021/09/Krea_10.jpg" alt="" class="wp-image-335" srcset="https://www.kunst-vor-ort.de/wp-content/uploads/2021/09/Krea_10.jpg 1920w, https://www.kunst-vor-ort.de/wp-content/uploads/2021/09/Krea_10-300x200.jpg 300w, https://www.kunst-vor-ort.de/wp-content/uploads/2021/09/Krea_10-1024x683.jpg 1024w, https://www.kunst-vor-ort.de/wp-content/uploads/2021/09/Krea_10-768x512.jpg 768w, https://www.kunst-vor-ort.de/wp-content/uploads/2021/09/Krea_10-1536x1024.jpg 1536w, https://www.kunst-vor-ort.de/wp-content/uploads/2021/09/Krea_10-720x480.jpg 720w, https://www.kunst-vor-ort.de/wp-content/uploads/2021/09/Krea_10-1440x960.jpg 1440w" sizes="auto, (max-width: 1920px) 100vw, 1920px" /></a></figure>



<div style="height:30px" aria-hidden="true" class="wp-block-spacer"></div>


<div class='block-custom-gallery gallery-grid grid-m-3 grid-l-3 type-default'><div class='image-wrap'><a href='https://www.kunst-vor-ort.de/wp-content/uploads/2021/09/Krea_09.jpg' data-fancybox='kreativ-mit-muell' ><img src='https://www.kunst-vor-ort.de/wp-content/uploads/2021/09/Krea_09.jpg' alt='' class='default src-acf type-img size-default' srcset='https://www.kunst-vor-ort.de/wp-content/uploads/2021/09/Krea_09-480x360.jpg 480w,https://www.kunst-vor-ort.de/wp-content/uploads/2021/09/Krea_09-720x540.jpg 720w,https://www.kunst-vor-ort.de/wp-content/uploads/2021/09/Krea_09-1280x960.jpg 1280w,https://www.kunst-vor-ort.de/wp-content/uploads/2021/09/Krea_09.jpg 1920w,'  sizes='(max-width: 768px) 100vw, 33vw' /></a></div><div class='image-wrap'><a href='https://www.kunst-vor-ort.de/wp-content/uploads/2021/09/Krea_07.jpg' data-fancybox='kreativ-mit-muell' ><img src='https://www.kunst-vor-ort.de/wp-content/uploads/2021/09/Krea_07.jpg' alt='' class='default src-acf type-img size-default' srcset='https://www.kunst-vor-ort.de/wp-content/uploads/2021/09/Krea_07-480x360.jpg 480w,https://www.kunst-vor-ort.de/wp-content/uploads/2021/09/Krea_07-720x540.jpg 720w,https://www.kunst-vor-ort.de/wp-content/uploads/2021/09/Krea_07-1280x960.jpg 1280w,https://www.kunst-vor-ort.de/wp-content/uploads/2021/09/Krea_07.jpg 1920w,'  sizes='(max-width: 768px) 100vw, 33vw' /></a></div><div class='image-wrap'><a href='https://www.kunst-vor-ort.de/wp-content/uploads/2021/09/Krea_08.jpg' data-fancybox='kreativ-mit-muell' ><img src='https://www.kunst-vor-ort.de/wp-content/uploads/2021/09/Krea_08.jpg' alt='' class='default src-acf type-img size-default' srcset='https://www.kunst-vor-ort.de/wp-content/uploads/2021/09/Krea_08-480x360.jpg 480w,https://www.kunst-vor-ort.de/wp-content/uploads/2021/09/Krea_08-720x540.jpg 720w,https://www.kunst-vor-ort.de/wp-content/uploads/2021/09/Krea_08-1280x960.jpg 1280w,https://www.kunst-vor-ort.de/wp-content/uploads/2021/09/Krea_08.jpg 1920w,'  sizes='(max-width: 768px) 100vw, 33vw' /></a></div></div>


<div style="height:30px" aria-hidden="true" class="wp-block-spacer"></div>


<div class='block-custom-gallery gallery-grid grid-m-3 grid-l-2 type-relative'><div class='image-wrap'><a href='https://www.kunst-vor-ort.de/wp-content/uploads/2021/09/Krea_01.jpg' data-fancybox='kreativ-mit-muell' ><img src='https://www.kunst-vor-ort.de/wp-content/uploads/2021/09/Krea_01.jpg' alt='' class='default src-acf type-img size-relative' srcset='https://www.kunst-vor-ort.de/wp-content/uploads/2021/09/Krea_01-720x480.jpg 720w,https://www.kunst-vor-ort.de/wp-content/uploads/2021/09/Krea_01-1440x960.jpg 1440w,https://www.kunst-vor-ort.de/wp-content/uploads/2021/09/Krea_01.jpg 1920w,'  sizes='(max-width: 768px) 100vw, 33vw' /></a></div><div class='image-wrap'><a href='https://www.kunst-vor-ort.de/wp-content/uploads/2021/09/Krea_02.jpg' data-fancybox='kreativ-mit-muell' ><img src='https://www.kunst-vor-ort.de/wp-content/uploads/2021/09/Krea_02.jpg' alt='' class='default src-acf type-img size-relative' srcset='https://www.kunst-vor-ort.de/wp-content/uploads/2021/09/Krea_02-720x480.jpg 720w,https://www.kunst-vor-ort.de/wp-content/uploads/2021/09/Krea_02-1440x960.jpg 1440w,https://www.kunst-vor-ort.de/wp-content/uploads/2021/09/Krea_02.jpg 1920w,'  sizes='(max-width: 768px) 100vw, 33vw' /></a></div></div>


<div style="height:30px" aria-hidden="true" class="wp-block-spacer"></div>


<div class='block-custom-gallery gallery-grid grid-m-3 grid-l-2 type-relative'><div class='image-wrap'><a href='https://www.kunst-vor-ort.de/wp-content/uploads/2021/09/Krea_04.jpg' data-fancybox='kreativ-mit-muell' ><img src='https://www.kunst-vor-ort.de/wp-content/uploads/2021/09/Krea_04.jpg' alt='' class='default src-acf type-img size-relative' srcset='https://www.kunst-vor-ort.de/wp-content/uploads/2021/09/Krea_04-720x480.jpg 720w,https://www.kunst-vor-ort.de/wp-content/uploads/2021/09/Krea_04-1440x960.jpg 1440w,https://www.kunst-vor-ort.de/wp-content/uploads/2021/09/Krea_04.jpg 1920w,'  sizes='(max-width: 768px) 100vw, 33vw' /></a></div><div class='image-wrap'><a href='https://www.kunst-vor-ort.de/wp-content/uploads/2021/09/Krea_06.jpg' data-fancybox='kreativ-mit-muell' ><img src='https://www.kunst-vor-ort.de/wp-content/uploads/2021/09/Krea_06.jpg' alt='' class='default src-acf type-img size-relative' srcset='https://www.kunst-vor-ort.de/wp-content/uploads/2021/09/Krea_06-720x480.jpg 720w,https://www.kunst-vor-ort.de/wp-content/uploads/2021/09/Krea_06-1440x960.jpg 1440w,https://www.kunst-vor-ort.de/wp-content/uploads/2021/09/Krea_06.jpg 1920w,'  sizes='(max-width: 768px) 100vw, 33vw' /></a></div><div class='image-wrap'><a href='https://www.kunst-vor-ort.de/wp-content/uploads/2021/09/Krea_05.jpg' data-fancybox='kreativ-mit-muell' ><img src='https://www.kunst-vor-ort.de/wp-content/uploads/2021/09/Krea_05.jpg' alt='' class='default src-acf type-img size-relative' srcset='https://www.kunst-vor-ort.de/wp-content/uploads/2021/09/Krea_05-720x480.jpg 720w,https://www.kunst-vor-ort.de/wp-content/uploads/2021/09/Krea_05-1440x960.jpg 1440w,https://www.kunst-vor-ort.de/wp-content/uploads/2021/09/Krea_05.jpg 1920w,'  sizes='(max-width: 768px) 100vw, 33vw' /></a></div><div class='image-wrap'><a href='https://www.kunst-vor-ort.de/wp-content/uploads/2021/09/Krea_03.jpg' data-fancybox='kreativ-mit-muell' ><img src='https://www.kunst-vor-ort.de/wp-content/uploads/2021/09/Krea_03.jpg' alt='' class='default src-acf type-img size-relative' srcset='https://www.kunst-vor-ort.de/wp-content/uploads/2021/09/Krea_03-720x480.jpg 720w,https://www.kunst-vor-ort.de/wp-content/uploads/2021/09/Krea_03-1440x960.jpg 1440w,https://www.kunst-vor-ort.de/wp-content/uploads/2021/09/Krea_03.jpg 1920w,'  sizes='(max-width: 768px) 100vw, 33vw' /></a></div></div>


<p></p>
</div>



<p></p>
