{"id":432,"date":"2021-09-30T18:28:59","date_gmt":"2021-09-30T16:28:59","guid":{"rendered":"https:\/\/www.kunst-vor-ort.de\/?post_type=project&#038;p=432"},"modified":"2021-12-13T17:36:58","modified_gmt":"2021-12-13T16:36:58","slug":"ich-staerkungsprojekt","status":"publish","type":"project","link":"https:\/\/www.kunst-vor-ort.de\/projekt\/ich-staerkungsprojekt\/","title":{"rendered":"Ich-St\u00e4rkungsprojekt"},"content":{"rendered":"\n<div style=\"height:60px\" aria-hidden=\"true\" class=\"wp-block-spacer show-on-mobile\"><\/div>\n\n\n\n<h1 class=\"has-text-align-center wp-block-heading\"><strong><strong>Ich-St\u00e4rkungsprojekt f\u00fcr junge Frauen<\/strong><\/strong> <strong>\u2013 in Kooperation mit der mobilen Jugendarbeit Hagen<\/strong><\/h1>\n\n\n\n<div style=\"height:100px\" aria-hidden=\"true\" class=\"wp-block-spacer show-on-desktop\"><\/div>\n\n\n\n<div style=\"height:40px\" aria-hidden=\"true\" class=\"wp-block-spacer show-on-mobile\"><\/div>\n\n\n\n<div class=\"wp-block-columns default-width divider-lines show-on-desktop is-layout-flex wp-container-core-columns-is-layout-9d6595d7 wp-block-columns-is-layout-flex\">\n<div class=\"wp-block-column is-layout-flow wp-block-column-is-layout-flow\">\n<p>In den Herbstferien 2019 haben wir in Kooperation mit der mobilen Jugendarbeit der Evangelischen Jugendhilfe Iserlohn-Hagen im Jugendzentrum Loxbaum ein \u201eIch- St\u00e4rkungsprojekt\u201c f\u00fcr M\u00e4dchen und junge Frauen angeboten. <br><br>Ziel des Angebots war es, die jungen Menschen in ihrer Individualit\u00e4t, ihrer Autonomie und ihrer Selbstbestimmung zu unterst\u00fctzen und zu f\u00f6rdern. In diesem Rahmen haben wir uns mit dem \u201eMensch Sein\u201c an sich, unserer eigenen Lebenslinie, der Rolle von M\u00e4dchen und Frauen in der Welt und kulturellen Unterschieden besch\u00e4ftigt. Im Mittelpunkt dabei standen die Teilnehmerinnen, ihre Ansichten und Ressourcen und der gemeinsame Austausch.<\/p>\n\n\n\n<p><\/p>\n<\/div>\n\n\n\n<div class=\"wp-block-column is-layout-flow wp-block-column-is-layout-flow\">\n<p>Neben vielen kreativen Aufgaben bestand die Hauptgestaltung darin, ein Portr\u00e4tbild von sich nach den eigenen W\u00fcnschen und Vorstellungen fotografieren zu lassen und das Ergebnis in Collagetechnik aus- bzw. umzugestalten. Die Teilnehmerinnen waren voller Eifer dabei und es sind tolle und einzigartige Bilder einstanden. <br><br>Wir danken den Mitarbeiterinnen der mobilen Jugendarbeit Hagen f\u00fcr die Kooperation und den Teilnehmerinnen f\u00fcr das spannende und kreative Projekt.<\/p>\n\n\n\n<p><\/p>\n<\/div>\n<\/div>\n\n\n\n<div class=\"wp-block-columns show-on-mobile is-layout-flex wp-container-core-columns-is-layout-9d6595d7 wp-block-columns-is-layout-flex\">\n<div class=\"wp-block-column is-layout-flow wp-block-column-is-layout-flow\">\n<p class=\"has-text-align-center\">In den Herbstferien 2019 haben wir in Kooperation mit der mobilen Jugendarbeit der Evangelischen Jugendhilfe Iserlohn-Hagen im Jugendzentrum Loxbaum ein \u201eIch- St\u00e4rkungsprojekt\u201c f\u00fcr M\u00e4dchen und junge Frauen angeboten. <br><br>Ziel des Angebots war es, die jungen Menschen in ihrer Individualit\u00e4t, ihrer Autonomie und ihrer Selbstbestimmung zu unterst\u00fctzen und zu f\u00f6rdern. In diesem Rahmen haben wir uns mit dem \u201eMensch Sein\u201c an sich, unserer eigenen Lebenslinie, der Rolle von M\u00e4dchen und Frauen in der Welt und kulturellen Unterschieden besch\u00e4ftigt. Im Mittelpunkt dabei standen die Teilnehmerinnen, ihre Ansichten und Ressourcen und der gemeinsame Austausch.<\/p>\n\n\n\n<p><\/p>\n<\/div>\n\n\n\n<div class=\"wp-block-column is-layout-flow wp-block-column-is-layout-flow\">\n<p class=\"has-text-align-center\">Neben vielen kreativen Aufgaben bestand die Hauptgestaltung darin, ein Portr\u00e4tbild von sich nach den eigenen W\u00fcnschen und Vorstellungen fotografieren zu lassen und das Ergebnis in Collagetechnik aus- bzw. umzugestalten. Die Teilnehmerinnen waren voller Eifer dabei und es sind tolle und einzigartige Bilder einstanden. <br><br>Wir danken den Mitarbeiterinnen der mobilen Jugendarbeit Hagen f\u00fcr die Kooperation und den Teilnehmerinnen f\u00fcr das spannende und kreative Projekt.<\/p>\n\n\n\n<p><\/p>\n<\/div>\n<\/div>\n\n\n\n<div class=\"wp-block-group default-width is-layout-flow wp-block-group-is-layout-flow\">\n<div style=\"height:100px\" aria-hidden=\"true\" class=\"wp-block-spacer show-on-desktop\"><\/div>\n\n\n\n<div style=\"height:40px\" aria-hidden=\"true\" class=\"wp-block-spacer show-on-mobile\"><\/div>\n\n\n<div class='block-custom-gallery gallery-grid grid-m-3 grid-l-2 type-relative'><div class='image-wrap'><a href='https:\/\/www.kunst-vor-ort.de\/wp-content\/uploads\/2021\/09\/ich_04.jpg' data-fancybox='ich-staerkungsprojekt' ><img src='https:\/\/www.kunst-vor-ort.de\/wp-content\/uploads\/2021\/09\/ich_04.jpg' alt='' class='default src-acf type-img size-relative' srcset='https:\/\/www.kunst-vor-ort.de\/wp-content\/uploads\/2021\/09\/ich_04-720x480.jpg 720w,https:\/\/www.kunst-vor-ort.de\/wp-content\/uploads\/2021\/09\/ich_04-1440x960.jpg 1440w,https:\/\/www.kunst-vor-ort.de\/wp-content\/uploads\/2021\/09\/ich_04.jpg 1920w,'  sizes='(max-width: 768px) 100vw, 33vw' \/><\/a><\/div><div class='image-wrap'><a href='https:\/\/www.kunst-vor-ort.de\/wp-content\/uploads\/2021\/09\/ich_03.jpg' data-fancybox='ich-staerkungsprojekt' ><img src='https:\/\/www.kunst-vor-ort.de\/wp-content\/uploads\/2021\/09\/ich_03.jpg' alt='' class='default src-acf type-img size-relative' srcset='https:\/\/www.kunst-vor-ort.de\/wp-content\/uploads\/2021\/09\/ich_03-720x480.jpg 720w,https:\/\/www.kunst-vor-ort.de\/wp-content\/uploads\/2021\/09\/ich_03-1440x960.jpg 1440w,https:\/\/www.kunst-vor-ort.de\/wp-content\/uploads\/2021\/09\/ich_03.jpg 1920w,'  sizes='(max-width: 768px) 100vw, 33vw' \/><\/a><\/div><div class='image-wrap'><a href='https:\/\/www.kunst-vor-ort.de\/wp-content\/uploads\/2021\/09\/ich_02.jpg' data-fancybox='ich-staerkungsprojekt' ><img src='https:\/\/www.kunst-vor-ort.de\/wp-content\/uploads\/2021\/09\/ich_02.jpg' alt='' class='default src-acf type-img size-relative' srcset='https:\/\/www.kunst-vor-ort.de\/wp-content\/uploads\/2021\/09\/ich_02-720x480.jpg 720w,https:\/\/www.kunst-vor-ort.de\/wp-content\/uploads\/2021\/09\/ich_02-1440x960.jpg 1440w,https:\/\/www.kunst-vor-ort.de\/wp-content\/uploads\/2021\/09\/ich_02.jpg 1920w,'  sizes='(max-width: 768px) 100vw, 33vw' \/><\/a><\/div><div class='image-wrap'><a href='https:\/\/www.kunst-vor-ort.de\/wp-content\/uploads\/2021\/09\/ich_01.jpg' data-fancybox='ich-staerkungsprojekt' ><img src='https:\/\/www.kunst-vor-ort.de\/wp-content\/uploads\/2021\/09\/ich_01.jpg' alt='' class='default src-acf type-img size-relative' srcset='https:\/\/www.kunst-vor-ort.de\/wp-content\/uploads\/2021\/09\/ich_01-720x480.jpg 720w,https:\/\/www.kunst-vor-ort.de\/wp-content\/uploads\/2021\/09\/ich_01-1440x960.jpg 1440w,https:\/\/www.kunst-vor-ort.de\/wp-content\/uploads\/2021\/09\/ich_01.jpg 1920w,'  sizes='(max-width: 768px) 100vw, 33vw' \/><\/a><\/div><\/div>\n\n\n<p><\/p>\n<\/div>\n\n\n\n<p><\/p>\n","protected":false},"featured_media":433,"menu_order":1013,"template":"","class_list":["post-432","project","type-project","status-publish","has-post-thumbnail","hentry"],"acf":[],"_links":{"self":[{"href":"https:\/\/www.kunst-vor-ort.de\/api\/wp\/v2\/project\/432","targetHints":{"allow":["GET"]}}],"collection":[{"href":"https:\/\/www.kunst-vor-ort.de\/api\/wp\/v2\/project"}],"about":[{"href":"https:\/\/www.kunst-vor-ort.de\/api\/wp\/v2\/types\/project"}],"wp:featuredmedia":[{"embeddable":true,"href":"https:\/\/www.kunst-vor-ort.de\/api\/wp\/v2\/media\/433"}],"wp:attachment":[{"href":"https:\/\/www.kunst-vor-ort.de\/api\/wp\/v2\/media?parent=432"}],"curies":[{"name":"wp","href":"https:\/\/api.w.org\/{rel}","templated":true}]}}

Ich-Stärkungsprojekt

<div style="height:60px" aria-hidden="true" class="wp-block-spacer show-on-mobile"></div>



<h1 class="has-text-align-center wp-block-heading"><strong><strong>Ich-Stärkungsprojekt für junge Frauen</strong></strong> <strong>– in Kooperation mit der mobilen Jugendarbeit Hagen</strong></h1>



<div style="height:100px" aria-hidden="true" class="wp-block-spacer show-on-desktop"></div>



<div style="height:40px" aria-hidden="true" class="wp-block-spacer show-on-mobile"></div>



<div class="wp-block-columns default-width divider-lines show-on-desktop is-layout-flex wp-container-core-columns-is-layout-9d6595d7 wp-block-columns-is-layout-flex">
<div class="wp-block-column is-layout-flow wp-block-column-is-layout-flow">
<p>In den Herbstferien 2019 haben wir in Kooperation mit der mobilen Jugendarbeit der Evangelischen Jugendhilfe Iserlohn-Hagen im Jugendzentrum Loxbaum ein „Ich- Stärkungsprojekt“ für Mädchen und junge Frauen angeboten. <br><br>Ziel des Angebots war es, die jungen Menschen in ihrer Individualität, ihrer Autonomie und ihrer Selbstbestimmung zu unterstützen und zu fördern. In diesem Rahmen haben wir uns mit dem „Mensch Sein“ an sich, unserer eigenen Lebenslinie, der Rolle von Mädchen und Frauen in der Welt und kulturellen Unterschieden beschäftigt. Im Mittelpunkt dabei standen die Teilnehmerinnen, ihre Ansichten und Ressourcen und der gemeinsame Austausch.</p>



<p></p>
</div>



<div class="wp-block-column is-layout-flow wp-block-column-is-layout-flow">
<p>Neben vielen kreativen Aufgaben bestand die Hauptgestaltung darin, ein Porträtbild von sich nach den eigenen Wünschen und Vorstellungen fotografieren zu lassen und das Ergebnis in Collagetechnik aus- bzw. umzugestalten. Die Teilnehmerinnen waren voller Eifer dabei und es sind tolle und einzigartige Bilder einstanden. <br><br>Wir danken den Mitarbeiterinnen der mobilen Jugendarbeit Hagen für die Kooperation und den Teilnehmerinnen für das spannende und kreative Projekt.</p>



<p></p>
</div>
</div>



<div class="wp-block-columns show-on-mobile is-layout-flex wp-container-core-columns-is-layout-9d6595d7 wp-block-columns-is-layout-flex">
<div class="wp-block-column is-layout-flow wp-block-column-is-layout-flow">
<p class="has-text-align-center">In den Herbstferien 2019 haben wir in Kooperation mit der mobilen Jugendarbeit der Evangelischen Jugendhilfe Iserlohn-Hagen im Jugendzentrum Loxbaum ein „Ich- Stärkungsprojekt“ für Mädchen und junge Frauen angeboten. <br><br>Ziel des Angebots war es, die jungen Menschen in ihrer Individualität, ihrer Autonomie und ihrer Selbstbestimmung zu unterstützen und zu fördern. In diesem Rahmen haben wir uns mit dem „Mensch Sein“ an sich, unserer eigenen Lebenslinie, der Rolle von Mädchen und Frauen in der Welt und kulturellen Unterschieden beschäftigt. Im Mittelpunkt dabei standen die Teilnehmerinnen, ihre Ansichten und Ressourcen und der gemeinsame Austausch.</p>



<p></p>
</div>



<div class="wp-block-column is-layout-flow wp-block-column-is-layout-flow">
<p class="has-text-align-center">Neben vielen kreativen Aufgaben bestand die Hauptgestaltung darin, ein Porträtbild von sich nach den eigenen Wünschen und Vorstellungen fotografieren zu lassen und das Ergebnis in Collagetechnik aus- bzw. umzugestalten. Die Teilnehmerinnen waren voller Eifer dabei und es sind tolle und einzigartige Bilder einstanden. <br><br>Wir danken den Mitarbeiterinnen der mobilen Jugendarbeit Hagen für die Kooperation und den Teilnehmerinnen für das spannende und kreative Projekt.</p>



<p></p>
</div>
</div>



<div class="wp-block-group default-width is-layout-flow wp-block-group-is-layout-flow">
<div style="height:100px" aria-hidden="true" class="wp-block-spacer show-on-desktop"></div>



<div style="height:40px" aria-hidden="true" class="wp-block-spacer show-on-mobile"></div>


<div class='block-custom-gallery gallery-grid grid-m-3 grid-l-2 type-relative'><div class='image-wrap'><a href='https://www.kunst-vor-ort.de/wp-content/uploads/2021/09/ich_04.jpg' data-fancybox='ich-staerkungsprojekt' ><img src='https://www.kunst-vor-ort.de/wp-content/uploads/2021/09/ich_04.jpg' alt='' class='default src-acf type-img size-relative' srcset='https://www.kunst-vor-ort.de/wp-content/uploads/2021/09/ich_04-720x480.jpg 720w,https://www.kunst-vor-ort.de/wp-content/uploads/2021/09/ich_04-1440x960.jpg 1440w,https://www.kunst-vor-ort.de/wp-content/uploads/2021/09/ich_04.jpg 1920w,'  sizes='(max-width: 768px) 100vw, 33vw' /></a></div><div class='image-wrap'><a href='https://www.kunst-vor-ort.de/wp-content/uploads/2021/09/ich_03.jpg' data-fancybox='ich-staerkungsprojekt' ><img src='https://www.kunst-vor-ort.de/wp-content/uploads/2021/09/ich_03.jpg' alt='' class='default src-acf type-img size-relative' srcset='https://www.kunst-vor-ort.de/wp-content/uploads/2021/09/ich_03-720x480.jpg 720w,https://www.kunst-vor-ort.de/wp-content/uploads/2021/09/ich_03-1440x960.jpg 1440w,https://www.kunst-vor-ort.de/wp-content/uploads/2021/09/ich_03.jpg 1920w,'  sizes='(max-width: 768px) 100vw, 33vw' /></a></div><div class='image-wrap'><a href='https://www.kunst-vor-ort.de/wp-content/uploads/2021/09/ich_02.jpg' data-fancybox='ich-staerkungsprojekt' ><img src='https://www.kunst-vor-ort.de/wp-content/uploads/2021/09/ich_02.jpg' alt='' class='default src-acf type-img size-relative' srcset='https://www.kunst-vor-ort.de/wp-content/uploads/2021/09/ich_02-720x480.jpg 720w,https://www.kunst-vor-ort.de/wp-content/uploads/2021/09/ich_02-1440x960.jpg 1440w,https://www.kunst-vor-ort.de/wp-content/uploads/2021/09/ich_02.jpg 1920w,'  sizes='(max-width: 768px) 100vw, 33vw' /></a></div><div class='image-wrap'><a href='https://www.kunst-vor-ort.de/wp-content/uploads/2021/09/ich_01.jpg' data-fancybox='ich-staerkungsprojekt' ><img src='https://www.kunst-vor-ort.de/wp-content/uploads/2021/09/ich_01.jpg' alt='' class='default src-acf type-img size-relative' srcset='https://www.kunst-vor-ort.de/wp-content/uploads/2021/09/ich_01-720x480.jpg 720w,https://www.kunst-vor-ort.de/wp-content/uploads/2021/09/ich_01-1440x960.jpg 1440w,https://www.kunst-vor-ort.de/wp-content/uploads/2021/09/ich_01.jpg 1920w,'  sizes='(max-width: 768px) 100vw, 33vw' /></a></div></div>


<p></p>
</div>



<p></p>
